= -p*z - 92. Let o = 10 - z. What is the units digit of o?
3
Let x be 5/(-2) - (-5)/10. Let s be (-4)/x + (15 - -1). Let m = s + -7. What is the tens digit of m?
1
What is the tens digit of (18718/6 - -5) + 14/(-21)?
2
Suppose 0 = -14*d + 800 + 1020. What is the units digit of d?
0
Let k be -2 + 295 + (-4 - -5). Let f be k/3 - (0 + -1). Suppose -4*v = -p - 119, -2*v + 4*p + f = v. What is the tens digit of v?
2
Let t(v) be the third derivative of 8*v**5/15 + v**4/8 + 5*v**3/6 + 23*v**2. What is the hundreds digit of t(-2)?
1
Let f = -46 + 46. Suppose 5*a - 649 - 76 = f. What is the tens digit of a?
4
Suppose 32*o - 20708 = -30*o. What is the units digit of o?
4
Suppose -49 = 2*t - 5*t - 4*d, -d + 4 = 0. What is the tens digit of (-246)/(-9)*33/t?
8
Let a = 64 - 28. Suppose -5*b - a = -96. What is the tens digit of b?
1
Let l = 1 - -4. Suppose b = 2*b. Suppose l*z - 110 = -b*z. What is the units digit of z?
2
Suppose -7*r + 43 = 8. Let d(b) = -b**2 + 12*b - 1. What is the tens digit of d(r)?
3
Let d be (5 + (-1 - -3))*1. Let l(c) = -c**2 + 3*c + 5. Let n be l(d). Let y = n - -43. What is the tens digit of y?
2
Suppose -r + 595 + 10 = 0. What is the hundreds digit of r?
6
Suppose -2*g = -519 - 353. What is the hundreds digit of g?
4
Suppose -4*k - k + 4*y = -45, 5*k + 5*y = 0. Suppose 5*j + 5*d = -35, k*j - 4*d + 55 - 11 = 0. What is the units digit of 3*(-1 + j/(-4))?
3
Let x(r) = r**3 + 2*r**2 + 39*r - 16. What is the tens digit of x(13)?
2
Let n = -676 + 1172. What is the hundreds digit of n?
4
Let j(g) = -9*g + 48. Let f be j(4). Let p(m) = -m**2 + 14*m - 1. What is the units digit of p(f)?
3
Let n be (-12)/(-10) + (-28)/(-35). Suppose -r - 12 = -n*t + 63, -t + 45 = 2*r. What is the units digit of t?
9
Let f = 69 + -64. Suppose -f*m + m = -544. What is the hundreds digit of m?
1
Let a = 31 + -27. Suppose 4*q - 8 = -v - v, -62 = -5*v + a*q. What is the units digit of v?
0
Let y = 228 - 213. Suppose 0*t - t = -33. Suppose -y = -w + t. What is the tens digit of w?
4
Let r be 38/6 - (-5 - 80/(-15)). What is the tens digit of (18 - -174)*r/4?
8
Let t(o) = 55*o**2 + 32*o - 3. What is the tens digit of t(-3)?
9
Suppose -26*a + 25*a = 2*d - 635, 2*a + 5*d - 1265 = 0. What is the hundreds digit of a?
6
Let g(j) = -j**2 - 19*j - 74. Let t(u) = 19*u + 73. Let x(a) = -4*g(a) - 3*t(a). What is the tens digit of x(-9)?
3
Let m(z) = z**3 - 6*z**2 - z + 5. Let l be m(6). Suppose -5*d + 3*j = -19, -d - 4 + 0 = 2*j. What is the units digit of l - (-1)/d*14?
6
Suppose 80 = 2*o - 5*b, -2*o = 3*b - 2*b - 92. Suppose 40*c + 555 = o*c. What is the tens digit of c?
1
Let t(d) = 9*d - 1 + 8*d + d**2 - 4*d. Let q be t(-9). Let p = q + 94. What is the units digit of p?
7
Suppose g = 9*g - 2456. What is the tens digit of g?
0
Let k(d) = -d**2 + d + 190. Let z be k(0). Suppose -3*s + 20 = -2*q - 6, 16 = -4*q. Suppose -s = -3*c, -z + 56 = -4*h - c. What is the tens digit of h?
3
Let j(a) = 6*a**2 - 4*a - 1 + a**2 - 2*a**2 - 3*a**2. Let g be j(4). Suppose 61 - g = 2*s. What is the tens digit of s?
2
Let h = -69 + 67. What is the units digit of h*((-64)/2 + 0)?
4
Let y = -105 + 261. What is the tens digit of y?
5
Suppose -2 + 8 = d. Let m = d - 3. Let i = 10 + m. What is the tens digit of i?
1
Let z(d) = -d + 1. Let y be z(-4). Suppose -y*o - 2 = 3. What is the units digit of (20/(-25))/(o/10)?
8
Suppose 653 = 3*v - 193. Suppose p = -4*p + 3*m + v, 0 = -5*m - 20. What is the units digit of p?
4
Let s(d) = -d**2 + d - 1. Let n(t) = 3*t**2 + 8*t - 10. Let b(x) = -n(x) - 5*s(x). What is the hundreds digit of b(11)?
1
Let g be -2 + ((-1)/2)/((-4)/240). Let i = -18 + g. What is the tens digit of i?
1
Let p = 124 + -115. What is the units digit of 49 + 3/(p/(-6))?
7
Suppose 77*s - 49*s = 31416. What is the tens digit of s?
2
Let n(u) = -5*u - 8. Let b(q) = -6*q - 8. Let z(w) = 4*b(w) - 5*n(w). Let o be z(-5). Suppose -3*t = -v - 29, 5*v = t - o*t + 25. What is the tens digit of t?
1
Let u(t) = 4*t**3 + 8*t**2 - 7*t - 17. What is the tens digit of u(7)?
9
Suppose -5*k = 3*j + 36 - 373, 5*j - k - 571 = 0. Let u = j + -76. What is the tens digit of u?
3
Suppose 508 = 8*r - 5900. What is the hundreds digit of r?
8
Let i = -19 - -24. What is the hundreds digit of ((-16)/i)/(2/(-75))?
1
Suppose 0 = -0*z + 5*z - 30. Let t = 42 + -34. Suppose -42 = -t*x + z*x. What is the tens digit of x?
2
Let f(l) = l**2 + 2. Let k be f(0). Suppose -u + 4*i + 6 = 0, 5*u - 30 = k*i + 3*i. Suppose j = u*j - 15. What is the units digit of j?
3
Suppose 94*v + 10480 = 110*v. What is the tens digit of v?
5
Suppose 3803 = 13*n - 4842. What is the units digit of n?
5
Let l be ((-477)/1)/(2*(-18)/24). Suppose 140*i + l = 143*i. What is the tens digit of i?
0
Suppose -3*l + 3*b = -6, 20*l + 5*b = 19*l - 4. What is the units digit of l?
1
Suppose 3*z + 4*b = -17 + 466, 452 = 3*z + b. Suppose -5*r + 3*m + 147 = m, -m = -5*r + z. What is the tens digit of r?
3
Let m be 9/(27/12) - 66. Let g = 125 + m. What is the units digit of g?
3
Suppose 8*l - 6*l + 2 = 0, 2*l - 18 = -p. Suppose 4*j - p = 0, -2*o = -6*o + 2*j + 694. What is the units digit of o?
6
Suppose -2*a + 3*o + 7 = -11, -18 = -4*a - 3*o. Suppose -f - 2 = t, -3*t + 4*f - a = -0*f. What is the units digit of (-2)/t + 23 - 2?
2
Let i(d) = 39*d**2 - 10*d - 10. What is the tens digit of i(4)?
7
Let v be (-27)/72 + (-27)/(-8). Suppose -79 + 1 = -v*p. What is the units digit of p?
6
Let z(b) = -b**3 + 35*b**2 - 49*b - 25. What is the tens digit of z(33)?
3
Suppose 5*l - 15 = 90. Let r = 12 + l. Let q = r + -23. What is the units digit of q?
0
Let o(u) = -6*u**2 + 8. Let y be o(3). Let p = 189 + y. What is the units digit of p?
3
Suppose -3*l + 57 = 2*z, -3*l - 69 = -4*z - 0*l. Suppose 69 = 3*t - z. What is the units digit of t?
0
Suppose -4*t - 11 = 21. Let x(y) = y**3 + 9*y**2 + 5*y - 1. What is the tens digit of x(t)?
2
Suppose 0 = -2*z + 460 + 242. Let v = z - 223. What is the units digit of v?
8
Let k = 1248 - 554. What is the hundreds digit of k?
6
Let c(v) = -2*v**3 - 3*v**2 + 2*v. Let a be c(-2). Suppose -3*k + 225 = 5*j, a = -8*j + 3*j + 3*k + 255. What is the units digit of j?
8
Let b be 0/(0 + (-2)/(-1)). Let u(s) be the second derivative of s**5/20 + s**4/12 - s**3/6 + 31*s**2/2 - 16*s. What is the tens digit of u(b)?
3
Let i = 16 + -12. Let q(o) = o**3 - 2*o**2 - 3*o - 3. What is the tens digit of q(i)?
1
Let c(i) = -6 + 2*i - 20*i**2 + 2*i + 21*i**2. What is the units digit of c(4)?
6
Let f = -1370 + 2342. What is the tens digit of f?
7
Suppose -t + 4*l + 258 = -58, 4*t - 1212 = 3*l. What is the tens digit of t?
0
Suppose -6*n = -n - 885. Suppose 5*q - 3 = n. What is the tens digit of q?
3
Suppose 9 = 6*f - 3*f. Suppose -k + 5*y - 16 = 0, f*k - 24 = -y - 2*y. Suppose -k*l + 21 = -15. What is the units digit of l?
9
Let a = 10114 + -6537. What is the thousands digit of a?
3
Let f be -5 - (36/3)/(-4). What is the tens digit of 0 + (18 - 2 - 4/f)?
1
Suppose 2 = 2*m - 0. Let o be (3 - m)/((-4)/94). Let j = -34 - o. What is the tens digit of j?
1
Let u(l) = -l**2 + 3*l. Let m be u(2). Suppose -m*f = -3*f - 2. What is the units digit of 130/50 + f/(-5)?
3
What is the hundreds digit of (-2 - -1264) + -32 + 22?
2
Let l(k) = -k**3 - 5*k**2 + 4. Let f = 0 - 5. Let c be l(f). Suppose -c*j = -j - 105. What is the units digit of j?
5
Suppose 3*q = -2*g + 117 - 33, q = 2*g + 28. Suppose 2*h - 4*h = -5*k - q, 0 = -h - k. What is the tens digit of (19*1)/(h/12)?
5
Suppose j - 89 - 759 = 4*i, -2*j + 1711 = -3*i. What is the tens digit of j?
6
Let v(y) = -12*y. Let n(l) = -l**2 - 7 - 4*l + 7*l + l**3 + 9 - 2*l**3. Let o be n(-1). What is the tens digit of v(o)?
1
Let x(u) = -47*u - 105. What is the tens digit of x(-4)?
8
Suppose 4*w + 3*k = -9, 4*k + 0 + 12 = -4*w. Let f(h) = h**2 + h + 3. Let i be f(w). Let x = 0 + i. What is the units digit of x?
3
Suppose -10*a + 12*a - 10 = 0. Suppose a*v = 2*o - 157, o + 2*v - 83 = -0*o. What is the units digit of o?
1
Let b(k) = k**3 - 17*k**2 + 21*k + 35. Let u be b(17). Let z = u + -199. What is the hundreds digit of z?
1
Let r(f) = -f + 1. Let g be r(0). What is the units digit of (266/(-42))/(g/(-9))?
7
Suppose -7*c + 2*c = 5. Let t be -3 + 0 - 63/c. Suppose -p + t = p. What is the tens digit of p?
3
Let s(n) = 2*n**2